 remainder when (-655)/(-10) + 1/2 is divided by 34?
32
Let c be 2/7 - (-165)/35. Suppose -5*m + 4*t = -31, c*m = 4*t - 5*t + 11. Suppose 0*b - m*b = -42. Calculate the remainder when 26 is divided by b.
12
Let c = -4 + 6. Suppose -16 = i - c*i. What is the remainder when 63 is divided by i?
15
Suppose 0 = d + 4*d. Suppose 3*m + 180 = 4*p - p, d = 2*m + 10. Calculate the remainder when p is divided by 19.
17
Let k = 67 - 17. Calculate the remainder when 99 is divided by k.
49
Suppose -4*p + 11 - 3 = 0. Suppose -p*k = -30 - 8. Calculate the remainder when k is divided by 10.
9
Suppose 37 = -h + 4*s - 3*s, 3*h + 3*s = -123. Let o = h - -72. What is the remainder when o is divided by 12?
9
Let v(m) = m**3 - 4*m**2 - 2*m + 4. Let s be v(3). What is the remainder when s/(-3) + 4/(-6) is divided by 3?
0
Let d(c) = -4*c - 1. Let l be d(-2). Suppose 0 = -3*v - v - 3*s + 6, -v = 5*s + l. Calculate the remainder when v is divided by 2.
1
Let g = -1 + 4. Let x = 14 - g. What is the remainder when 31 is divided by x?
9
Let f(q) = -55*q - 1. Calculate the remainder when f(-1) is divided by 14.
12
What is the remainder when 94 is divided by 522/45 - (-4)/10?
10
Suppose -2*s + 148 = 2*s. Suppose 6*v - 76 = 2. Calculate the remainder when s is divided by v.
11
Let b = 8 - -4. Let c = -83 + 129. Calculate the remainder when c is divided by b.
10
Let u(y) = -y**2 + 11*y - 3. Let h be u(9). Let z = 21 - h. Let b = 13 - z. What is the remainder when 13 is divided by b?
6
Suppose 2*f + 2 = 4. Let w(t) = 7*t + 2. What is the remainder when w(f) is divided by 6?
3
What is the remainder when 82 is divided by (-150)/25*(0 + -7)?
40
Let g = -11 - -17. Calculate the remainder when g is divided by 4.
2
Suppose -5*y + j = -64, -2*y - 4*j + 30 = -0*y. What is the remainder when y is divided by (1 + -2)/((-2)/10)?
3
Let k(o) = o**3 - 2*o**2 - 6*o - 2. Let i be 1 - -3 - 1 - -2. Calculate the remainder when k(i) is divided by 15.
13
Let k be 3 + -6 - (-11 - -2). Suppose -k*o + o + 70 = 0. Suppose -l - 2*l + 4*z = -90, -5*l = -5*z - 145. What is the remainder when l is divided by o?
12
Suppose 0 = 5*u - 3*x - 61, 4*u = -0*u - 2*x + 40. Let t be 32/6 - (-1)/(-3). Suppose 0 = t*r - 0*r - 150. What is the remainder when r is divided by u?
8
Suppose -3*y = -4*y. Suppose 2*m = j + 4*m + 5, y = 2*j + m - 2. Suppose -72 = -7*b + j*b. Calculate the remainder when b is divided by 7.
4
Let q be ((-5)/15)/(2/66). Let s = q - -15. Calculate the remainder when 5 is divided by s.
1
Let j(k) = k**2 - 19*k + 21. Let y(o) = -o**3 - o**2 - o - 2. What is the remainder when y(-2) is divided by j(18)?
1
Suppose 0 = -2*o + 3*n + 251, 0*n = 4*o + n - 495. What is the remainder when o is divided by 21?
19
Suppose -2*n + 4*k + 14 = -3*n, 5*n - 55 = 5*k. Let d = 11 - n. Suppose 5 + d = 2*o. Calculate the remainder when o is divided by 2.
1
Suppose 64 = -4*n + 156. What is the remainder when 134*(-1 - (-9)/6) is divided by n?
21
Let f(a) = -a - 1. Let u(j) = j**2 + 2*j - 21. Let b(x) = -3*f(x) - u(x). What is the remainder when b(0) is divided by 4*-1*(-39)/12?
11
What is the remainder when 248 is divided by -2*(-54)/12*2?
14
Let k = -4 + 8. Suppose -k*w + 54 + 34 = 0. Calculate the remainder when w is divided by 6.
4
Suppose o - 10 + 2 = 0. What is the remainder when 4*(0 + (-93)/(-12)) is divided by o?
7
Let s(w) = 2*w**2 + 4*w + 2. Let m be 3*-1*(4 + -3). Suppose 3*g - z - 45 = -2*z, 0 = 2*z - 6. What is the remainder when g is divided by s(m)?
6
Suppose -3*k = c - 48, 40 = 5*c - 4*k - 162. Calculate the remainder when c is divided by 15.
12
Suppose -t + 13 + 7 = 0. Suppose -14 = -23*y + 21*y. Calculate the remainder when t is divided by y.
6
Suppose 2*j = 3*r - 45, 2*r - 3*j = -0*r + 25. What is the remainder when r is divided by 9?
8
Let p = 185 + -122. Let l(q) = 13*q**2 + q + 1. Calculate the remainder when p is divided by l(-1).
11
Suppose -s - l + 1 = -2, -l = 4*s - 12. Let p(t) = -5*t - 2*t - t**2 - 4*t + 7 + 5*t. What is the remainder when p(-6) is divided by s?
1
Let l(x) = -2*x**3 - x**2 + x - 4. What is the remainder when l(-3) is divided by (8/4 + 11)/1?
12
Suppose 2*p + 5*p = 42. What is the remainder when p is divided by 2?
0
Let q(n) = -13*n - 41. Calculate the remainder when 18 is divided by q(-4).
7
Let k = 66 + -67. Let x(g) = 14*g**3 - g. Let i be x(1). Calculate the remainder when k/(-1 - (-12)/i) is divided by 5.
3
Suppose 2*o + 12 - 54 = 0. Suppose -4*r + r = -o. Suppose -13 = -u - 0*u. Calculate the remainder when u is divided by r.
6
Let z(s) = 43*s**2 + s + 1. What is the remainder when z(-1) is divided by (-5)/2*(-1 - 117/15)?
21
Let q = -5 - -11. What is the remainder when ((-34)/6)/((-5)/15) is divided by q?
5
What is the remainder when 2 + -3 + 8 + 35 is divided by 16?
10
Let i(s) = -2*s - 22. What is the remainder when 88 is divided by i(-16)?
8
Suppose 2*c - 52 - 30 = 0. Calculate the remainder when c is divided by 21.
20
Let n(u) = -15*u**3 - 4*u**2 - 9*u - 2. Let r(j) = 7*j**3 + 2*j**2 + 4*j + 1. Let b(d) = -6*n(d) - 13*r(d). What is the remainder when b(-4) is divided by 8?
7
Let f(z) = 19*z. What is the remainder when f(1) is divided by 11?
8
Let b(o) = o**2 - 5*o + 3. Let q(i) = 3*i - 2. Let m = 8 - 5. Let t be q(m). What is the remainder when 49 is divided by b(t)?
15
Let z be (-280)/(-14) + (-1 - 0/(-1)). Suppose d - 3*x + 36 = 2*x, 2*d - 5*x = -67. Let h = z - d. Calculate the remainder when h is divided by 13.
11
Let y(a) = a**3 + 5 + a + a**2 - 3 + 8. Calculate the remainder when 17 is divided by y(0).
7
Suppose 163 = l + 2*y - 89, 0 = 2*l + 3*y - 505. Calculate the remainder when l is divided by 51.
50
Let t(x) = -x**3 - 3*x**2 + 3*x + 1. Let g be t(-3). What is the remainder when 11 is divided by g/3*6/(-4)?
3
Suppose 2*w - 5*f - 63 = 0, 5*f - 9 - 15 = -w. What is the remainder when 112 - (-4)/(1 + 3) is divided by w?
26
Suppose -2*c - 131 = -p - 4*p, 3*p - 73 = 4*c. Let n(a) = a**3 + 6*a**2 + a - 6. Calculate the remainder when p is divided by n(-5).
13
Let j = -2 - -2. Let s = -1 + j. Calculate the remainder when 4 is divided by 0 - -1 - (s - 1).
1
Let s(j) = j**3 - 6*j**2 + 6*j + 7. Calculate the remainder when 32 is divided by s(5).
8
Suppose -w + 2*w = 2. Calculate the remainder when 8 is divided by w.
0
Suppose -2*u + 16 = 2. Let g(j) be the third derivative of -7*j**6/40 - j**5/60 + j**4/24 + j**3/6 - j**2. What is the remainder when g(-1) is divided by u?
6
Let c(x) = -x - 16. Let q be c(-8). Let h = q - -4. Calculate the remainder when 13 is divided by 6/h - 95/(-10).
5
Let t be (-2)/(-9)*(3 + 6). Suppose w = t + 8. Calculate the remainder when 28 is divided by w.
8
Suppose 8 = -3*j + 32. Let y be j/12 + 371/(-3). Let o = -86 - y. Calculate the remainder when o is divided by 13.
11
Suppose -4*b = -0*y + y + 19, 0 = -3*b - 15. Calculate the remainder when 2 is divided by y.
0
Let n = -37 + 62. What is the remainder when n is divided by 13?
12
Let d = 14 + -10. Let c = 8 - d. What is the remainder when 15 is divided by c?
3
Let u = -41 + 90. What is the remainder when 195 is divided by u?
48
Suppose 2 = -2*f + 3*f. Suppose -k + 4*z = -7, 14 = 2*k - f*z + z. Calculate the remainder when k is divided by 4.
3
What is the remainder when (-1)/(-3) - (-963)/27 is divided by 13?
10
Suppose 2*t + 9 - 19 = 0. What is the remainder when 7 is divided by t?
2
Suppose -4*m - 54 = -5*v - 8*m, -v + 4*m = -30. What is the remainder when 69 is divided by v?
13
Let p(z) = 6*z - 17. Calculate the remainder when p(14) is divided by 17.
16
Let l(u) = u + 3 - 2 - 7. Let b be l(5). Let k(w) = -8*w + 1. What is the remainder when 25 is divided by k(b)?
7
Suppose q + 0*s - 3*s = 43, -5*q + 2*s = -176. Let z = 16 + -7. Suppose -4*y = -3*y - z. What is the remainder when q is divided by y?
7
Suppose 2*a - 14 = -4*n + 8, -4*n = -2*a - 2. Suppose 0 = -h - 1 + 12. Calculate the remainder when h is divided by n.
2
Suppose -8 = -2*a - 0. Suppose -2 = -3*d - a*o, 2*o + 0*o = 10. Calculate the remainder when 5 is divided by (d/(-3) - -1) + 0.
2
Let k be (1/2)/(1/(-10)). Let z(l) = l**3 + 4*l**2 - 6*l - 4. Let c be z(k). Calculate the remainder when -3 + 46 + (c - 0) is divided by 15.
14
Suppose 5*z + 16 = 36. Suppose 0*w + 120 = z*p + 3*w, -3*p + 73 = -2*w. Calculate the remaind